 + 135/25. Suppose -4*v = u - 3 - 13, -a*u - 4*v = 0. Is (2 + 1514)*u/(-16) a composite number?
False
Let z = 13 + -11. Suppose -z*x - c = -5*x + 263, -3*x - 2*c = -275. Suppose -x = 4*n - 293. Is n composite?
True
Suppose 0 = 4*t - 6*t + 3592. Let a = t + -1089. Is a a composite number?
True
Let d(l) = 122*l - 1. Suppose o - 4 = -5*a, 0 = 4*o - 4*a - 14 - 2. Is d(o) composite?
False
Suppose 0 = -3*b + 4*b. Suppose b = 5*q + 67 - 437. Is q a prime number?
False
Suppose -196*u + 215*u = 672961. Is u composite?
False
Let q be 1/(-4) - 9/((-144)/32308). Let h = -1301 + q. Is h prime?
False
Let o be ((-138)/(-345))/(1/315). Let x = -58 - -27. Let y = o - x. Is y a composite number?
False
Let z(o) = 5*o**2 + 21*o + 5. Is z(7) a composite number?
False
Suppose 3*f + 10 = 8*f. Is ((-222)/(-24))/(f/40) a composite number?
True
Let o(r) = 102*r - 1. Let h(b) = 4*b**2. Let f be h(1). Let d = f - 2. Is o(d) a prime number?
False
Suppose -3*p - 12 = -18. Suppose p*h + 2*t = 3868, 5*t - 3859 = -5*h + 3*h. Is h prime?
False
Let h = 114 + 765. Is h prime?
False
Suppose -16*g = -67024 - 66016. Is g a composite number?
True
Let p be 0 + (-7 - -4) + 6. Suppose -p*n = n - 108. Is 2/(-9) + 4299/n a prime number?
False
Let r = 17 - 24. Let y be (r/(-2))/(-7)*-4. Suppose -598 = -3*w + y*x - 157, 3*x = 5*w - 736. Is w prime?
True
Let o = -5706 - -12739. Is o composite?
True
Let v(g) = 119*g**2 + 5*g**2 - 2*g - 5 - 2*g. Suppose 0*s - 3*s - 13 = 5*p, -2*p + s = 3. Is v(p) a composite number?
False
Let d(b) = 187*b**2 + b - 1. Let v be (3 + -3 + -2)*1. Let r be 2 - (3 + v + 0). Is d(r) a composite number?
True
Let t be -9*(4/(-12) + -4). Let o = t + 4582. Is o composite?
False
Let w(a) = -41*a**2 + 20*a**2 - 89 + a + 20*a**2. Let b be w(0). Is (b/2)/(4/(-8)) a composite number?
False
Suppose 120*d = 153*d - 1468137. Is d a composite number?
True
Let a(d) = 401*d**2 - 2*d - 22. Is a(-3) composite?
False
Suppose 0 = 4*o + 3*s - 41210, s = -5*o - 2*s + 51511. Is o a prime number?
True
Let d = -656 - -3583. Is d prime?
True
Let v(s) be the third derivative of s**6/45 + 7*s**5/120 + 13*s**4/24 + 7*s**3/6 - 3*s**2. Let j(i) be the first derivative of v(i). Is j(-8) prime?
False
Let v = 10 - 14. Let h be -2 - 6*v/4. Suppose -66 = -h*g + 2*g. Is g prime?
False
Suppose -3*g = -5*w + g - 124, 0 = -3*w + 3*g - 75. Let b = 76 + w. Suppose -31 = -p + b. Is p composite?
False
Let w be ((-34)/(-17))/(1/4). Let r = w - 11. Let a(x) = 13*x**2 - 2*x + 4. Is a(r) composite?
False
Let u(l) = 3*l**2 + l + 1. Let a be u(-1). Suppose a*t = 3*h - 114, 5*t = -h + 4*t + 28. Is h composite?
True
Suppose -r + 4*c + 1213 = -6127, 2*c - 36700 = -5*r. Suppose -4*x + 4112 + r = 0. Is x prime?
False
Suppose 9*u + 0*u - 4626 = 0. Suppose b = -b, 2*r - b - u = 0. Is r a composite number?
False
Suppose -v - 1456 = -5*v. Suppose -v = -13*f + 15*f. Let q = f - -313. Is q a prime number?
True
Let v = -119988 - -183899. Is v composite?
True
Suppose -26 = -6*g + 4. Suppose s - 5*y - 201 = 0, -g*s - 393 = 5*y - 1338. Is s a composite number?
False
Let n(a) = 3909*a**2 + 3*a + 1. Is n(-1) prime?
True
Is 37/(-296) + 436946/16 prime?
False
Suppose -4*u + 104 = -3*b - 350, -344 = -3*u + 4*b. Let a(o) = o**3 - 15*o**2 + 14*o + 11. Let l be a(14). Let k = l + u. Is k a prime number?
False
Let k(p) = p**2 - 5*p - 3. Suppose -l - 4 = g - 3*l, -3*l + 15 = 0. Let t be k(g). Suppose 0 = -t*w - z + 246, -6 = z + z. Is w composite?
False
Let a(g) = 4*g**2 - 19*g + 14. Let b(q) be the third derivative of q**5/30 - 3*q**4/8 + 7*q**3/6 - 5*q**2. Let m(k) = -2*a(k) + 5*b(k). Is m(-8) a prime number?
True
Suppose 4*o = -5*n - 11, n - 2 = -4*o - 17. Let j(r) = 120*r**2 + 40*r**2 + n - r - 4*r. Is j(2) composite?
False
Let t(y) = 17037*y**2 - 6*y + 8. Is t(1) a prime number?
False
Let n be 16652/12 + (-3)/(-9). Suppose n = 5*i - 517. Is 1*4/(12/i) a prime number?
True
Suppose -1811 = -6*s + 14923. Is s prime?
True
Let o be ((-6)/15)/(1/15). Let j = o - -7. Is -3 - j/(2/(-76)) a prime number?
False
Let g be (-13)/((-39)/(-42)) - -4. Is 8706/15 - -7 - (-4)/g prime?
True
Let m(x) = x + 5. Let o be m(-7). Let w be o*(3 + (-5)/2). Is (-6)/w*(-254)/(-4) a composite number?
True
Let n(t) = 34 - 308*t + 18*t - 9. Is n(-6) prime?
False
Let n(d) = d**3 - 9*d**2 - d + 11. Let r be n(9). Suppose -5*c + 0*g + 2*g + 1085 = 0, 3*c + r*g - 635 = 0. Is c prime?
False
Let o be -2 - ((-4)/(-1))/(-2). Suppose x = -o*x + 74. Is x prime?
False
Let c(y) = 5*y**2 + 2*y. Let t be 189/(-36) - 1/(-4). Let f = -2 - t. Is c(f) composite?
True
Suppose 6*t - t = -3725. Let n = t - -1160. Is n a prime number?
False
Suppose -159*p + 164*p = 75. Suppose -p*o + 18*o - 5817 = 0. Is o a prime number?
False
Suppose 0 = -4*l - 5*w - 105, -3 = -2*w + 3. Let n be (l/(-20))/((-6)/(-8)). Suppose 4*a + 614 = n*x, -3*a - 307 = -x - 2*a. Is x prime?
True
Is (87798/(6 - 0))/1 a composite number?
False
Let b = 49 - -67. Suppose -5*u = -16 + b. Is ((-521)/2)/(10/u) a composite number?
False
Let v(j) = 2111*j - 4. Is v(3) a prime number?
True
Suppose -49*j = -54*j + 12230. Is j a composite number?
True
Let g be -9 - (-1 + 0)/1. Let z(d) be the second derivative of d**5/20 + 17*d**4/12 + 2*d**3 + 9*d**2/2 + 5*d + 16. Is z(g) prime?
False
Let u = 1483 + -554. Is u prime?
True
Let v(z) = -z**3 - z**2 + z - 1. Let f be v(-3). Suppose s - 4*d = f, 8*s + 5 = 3*s - 5*d. Suppose 0 = s*c - 151 - 163. Is c prime?
True
Suppose 32*s + 95226 = 38*s. Is s a composite number?
True
Suppose 3*u - 18 = -0*u + 2*r, -3*r = -3*u + 15. Suppose 3*x + u = 2*w - 57, -3*w - 2*x = -117. Is w prime?
True
Let j = 5 + 76. Let f = 45 - j. Let m = f - -71. Is m prime?
False
Let o(a) = a**2 + a + 2. Let g be o(0). Suppose -3080 = -4*r + g*u, 1739 = 5*r - u - 2108. Is r a composite number?
False
Let j = 6 - 1. Is 5/(j/286) - -1 composite?
True
Let b = 126 + -123. Suppose a - 3975 = 4*w, 5*w - 7924 = b*a - 5*a. Is a a prime number?
True
Suppose t = 2552 + 6683. Is t prime?
False
Let d(t) = 8*t - 1. Let z(p) = -p**2 + 5*p + 6. Let b be z(6). Suppose b = -5*m + 5*v + 65, 5*m - m + 3*v = 66. Is d(m) composite?
True
Let t(l) = 17*l**2 + 10*l + 86. Is t(-8) composite?
True
Let x(j) = 216*j**3 + j**2 + j - 1. Let r be ((-1 - -4) + -2)*-1. Let o be x(r). Let q = o + 471. Is q composite?
True
Is (-1 + (2 - 2))*(-1763 + 4) composite?
False
Suppose 0 = -3*h + 2 - 65. Let u = 350 - h. Is u a prime number?
False
Let b be (-18)/117 - (-654)/26. Suppose -4*v - 1 + b = 0. Is v - 10 - (-416 - 1) a composite number?
True
Suppose 0 = -5*h - 5, 5*v + 4*h - 3841 + 1140 = 0. Is v prime?
True
Let d(y) = 44*y**2 - 65*y - 7. Is d(-5) a composite number?
True
Let l be (-2 + 3)/(1/5). Suppose 0 = -l*j - 0*j + 840. Is j + -1 - (-52)/(-13) composite?
False
Is ((-1004)/(-10))/((-28)/(-70)) prime?
True
Suppose -6*h = -2*h - 2*l + 2, -5*h - 3 = -3*l. Suppose -2*c + 3*g + 338 + 158 = h, 1259 = 5*c + 2*g. Is c prime?
True
Let g(f) = 22234*f**3 - 2*f**2 - 4*f + 5. Is g(1) prime?
False
Suppose 0 = 8*t - 5*t - 4287. Suppose 2023 + t = 4*p. Let c = p + -585. Is c composite?
True
Suppose 5*v = 2*y - 2873, -3*y - 3*v = -6*y + 4314. Is y a prime number?
True
Let o(w) = 3*w**2 + w. Let l be o(-1). Let s be (-6)/4*l/1. Is 1*(-4 + 30 + s) a prime number?
True
Let i be (3 + 4 - 4) + -3. Suppose i*o - 3*o = -w + 208, -585 = -3*w - 4*o. Is w a composite number?
False
Let x = -3 + -12. Let l(b) = -b**3 - 5*b**2 - 6*b - 2. Let r be l(-4). Is r/(-45) + (-4487)/x a composite number?
True
Is 1542 + (-3 + 8 - 10) prime?
False
Suppose 2*n - 18 = -14. Suppose s + 7122 = n*s. Is s/90 + 4/(-30) a composite number?
False
Is -2333*(-6)/((-48)/(-104)) prime?
False
Let p be (-1 - 1) + (-2 - -4). Suppose 2*k + 10 = p, -3528 = -4*a - 3*k - k. Is a composite?
False
Suppose 39 - 105 = -4*b - 2*k, 4*b - 3*k - 51 = 0. Let i = b - 30. Is (-1536)/(-5) + 3/i prime?
True
Let x(g) = -2*g + 3. Let n = 6 - 6. Let o be x(n). Suppose -o*t + 31 = -242. Is t a composite number?
True
Is 6/(-4)*-163*(-8814)/(-117) prime?
False
Suppose 3*c - 2453 = 1636. Is c composite?
True
Let s(j) = j**3 - j. Suppose -4*k = -i - 10, -2*i = -i + 2. Let v be s(k). Suppose r + 1265 = v*r. Is r a composite number?
True
Is 12/20 + (-23560)/(-25) a prime number?
False
Suppose 4*f - 18 = -58. Let z = f + 33